e units digit of 90077?
7
What is the thousands digit of 69274?
9
What is the tens digit of 2630?
3
What is the units digit of 52084?
4
What is the units digit of 19?
9
What is the units digit of 2827?
7
What is the tens digit of 3253?
5
What is the ten thousands digit of 43494?
4
What is the tens digit of 1134?
3
What is the units digit of 408?
8
What is the ten thousands digit of 12284?
1
What is the thousands digit of 8306?
8
What is the units digit of 486?
6
What is the units digit of 1809?
9
What is the thousands digit of 63914?
3
What is the units digit of 365?
5
What is the hundreds digit of 18745?
7
What is the units digit of 669?
9
What is the units digit of 353?
3
What is the units digit of 901?
1
What is the thousands digit of 2935?
2
What is the thousands digit of 1704?
1
What is the units digit of 5621?
1
What is the units digit of 94618?
8
What is the thousands digit of 86305?
6
What is the units digit of 3639?
9
What is the tens digit of 65701?
0
What is the thousands digit of 2252?
2
What is the thousands digit of 4210?
4
What is the units digit of 9433?
3
What is the hundreds digit of 3439?
4
What is the units digit of 1343?
3
What is the tens digit of 5668?
6
What is the hundreds digit of 1258?
2
What is the hundreds digit of 76668?
6
What is the hundreds digit of 113176?
1
What is the hundreds digit of 4566?
5
What is the hundreds digit of 17910?
9
What is the thousands digit of 1077?
1
What is the units digit of 6373?
3
What is the hundreds digit of 3451?
4
What is the thousands digit of 7364?
7
What is the hundreds digit of 16033?
0
What is the tens digit of 9730?
3
What is the tens digit of 1186?
8
What is the thousands digit of 9662?
9
What is the hundreds digit of 11339?
3
What is the units digit of 5373?
3
What is the hundreds digit of 32095?
0
What is the hundreds digit of 1787?
7
What is the thousands digit of 4567?
4
What is the units digit of 3109?
9
What is the thousands digit of 6569?
6
What is the ten thousands digit of 16975?
1
What is the ten thousands digit of 36788?
3
What is the units digit of 9050?
0
What is the ten thousands digit of 14277?
1
What is the hundreds digit of 1650?
6
What is the units digit of 5230?
0
What is the units digit of 4394?
4
What is the thousands digit of 27838?
7
What is the hundreds digit of 2761?
7
What is the ten thousands digit of 31419?
3
What is the units digit of 1391?
1
What is the thousands digit of 18216?
8
What is the tens digit of 737?
3
What is the tens digit of 922?
2
What is the units digit of 17571?
1
What is the hundreds digit of 148192?
1
What is the thousands digit of 42298?
2
What is the hundreds digit of 1336?
3
What is the units digit of 10218?
8
What is the tens digit of 62?
6
What is the tens digit of 24503?
0
What is the hundreds digit of 7974?
9
What is the hundreds digit of 5181?
1
What is the tens digit of 15271?
7
What is the tens digit of 101177?
7
What is the hundreds digit of 932?
9
What is the thousands digit of 1208?
1
What is the hundreds digit of 35774?
7
What is the ten thousands digit of 37203?
3
What is the tens digit of 717?
1
What is the hundreds digit of 4611?
6
What is the hundreds digit of 221?
2
What is the hundreds digit of 29258?
2
What is the thousands digit of 6523?
6
What is the units digit of 2369?
9
What is the units digit of 636?
6
What is the ten thousands digit of 52222?
5
What is the thousands digit of 98797?
8
What is the hundreds digit of 3112?
1
What is the units digit of 11748?
8
What is the hundreds digit of 2164?
1
What is the units digit of 11106?
6
What is the units digit of 18541?
1
What is the tens digit of 8611?
1
What is the units digit of 796?
6
What is the hundreds digit of 2817?
8
What is the units digit of 672?
2
What is the thousands digit of 4394?
4
What is the thousands digit of 7659?
7
What is the units digit of 62435?
5
What is the units digit of 3656?
6
What is the hundreds digit of 3460?
4
What is the hundreds digit of 85549?
5
What is the units digit of 2211?
1
What is the hundreds digit of 2311?
3
What is the tens digit of 271?
7
What is the hundreds digit of 328?
3
What is the tens digit of 2358?
5
What is the units digit of 1422?
2
What is the units digit of 78?
8
What is the ten thousands digit of 205641?
0
What is the thousands digit of 5279?
5
What is the units digit of 33405?
5
What is the units digit of 8753?
3
What is the tens digit of 334?
3
What is the tens digit of 1367?
6
What is the tens digit of 11246?
4
What is the ten thousands digit of 26137?
2
What is the hundreds digit of 418?
4
What is the units digit of 139393?
3
What is the units digit of 329?
9
What is the thousands digit of 3927?
3
What is the units digit of 1781?
1
What is the thousands digit of 10010?
0
What is the ten thousands digit of 25242?
2
What is the hundreds digit of 10074?
0
What is the hundreds digit of 33035?
0
What is the ten thousands digit of 141235?
4
What is the hundreds digit of 753?
7
What is the tens digit of 5859?
5
What is the hundreds digit of 861?
8
What is the units digit of 2834?
4
What is the hundreds digit of 4133?
1
What is the hundreds digit of 15954?
9
What is the tens digit of 5143?
4
What is the tens digit of 35355?
5
What is the thousands digit of 14460?
4
What is the tens digit of 2019?
1
What is the tens digit of 17027?
2
What is the tens digit of 1074?
7
What is the hundreds digit of 3564?
5
What is the tens digit of 819?
1
What is the hundreds digit of 1867?
8
What is the thousands digit of 49114?
9
What is the tens digit of 544?
4
What is the ten thousands digit of 12639?
1
What is the units digit of 825?
5
What is the units digit of 574?
4
What is the tens digit of 199639?
3
What is the hundreds digit of 7265?
2
What is the thousands digit of 8394?
8
What is the units digit of 228?
8
What is the hundreds digit of 1348?
3
What is the units digit of 2894?
4
What is the hundreds digit of 3096?
0
What is the units digit of 17603?
3
What is the tens digit of 203?
0
What is the units digit of 2386?
6
What is the hundreds digit of 2427?
4
What is the thousands digit of 4792?
4
What is the thousands digit of 35145?
5
What is the hundreds digit of 435?
4
What is the hundreds digit of 557?
5
What is the units digit of 15959?
9
What is the tens digit of 1158?
5
What is the tens digit of 75565?
6
What is the thousands digit of 6951?
6
What is the units digit of 1535?
5
What is the hundreds digit of 2860?
8
What is the hundreds digit of 706?
7
What is the tens digit of 1792?
9
What is the hundreds digit of 1377?
3
What is the ten thousands digit of 139102?
3
What is the tens digit of 1546?
4
What is the hundreds digit of 54881?
8
What is the ten thousands digit of 27376?
2
What is the tens digit of 1193?
9
What is the thousands digit of 1103?
1
What is the units digit of 31673?
3
What is the units digit of 6237?
7
What is the hundreds digit of 4854?
8
What is the units digit of 84470?
0
What is the hundreds digit of 941?
9
What is the tens digit of 474?
7
What is the thousands digit of 27617?
7
What is the units digit of 47324?
4
What is the units digit of 6983?
3
What is the thousands digit of 48964?
8
What is the hundred thousands digit of 102609?
1
What is the tens digit of 2759?
5
What is the tens digit of 34661?
6
What is the hundreds digit of 730?
7
What is the thousands digit of 56382?
6
What is the tens digit of 326?
2
What is the thousands digit of 8003?
8
What is the hundred thousands digit of 119613?
1
What is the tens digit of 19122?
2
What is the thousands digit of 4338?
4
What is the units digit of 858?
8
What is the hundreds digit of 3448?
4
What is the ten thousands digit of 106814?
0
What is the hundreds digit of 949?
9
What is the tens digit of 3329?
2
What is the thousands digit of 73963?
3
What is the ten thousands digit of 26955?
2
What is the units digit of 897?
7
What is the units digit of 457?
7
What is the tens digit of 1913?
1
What is the tens digit of 33?
3
What is the tens digit of 33586?
8
What is the thousands digit of 2134?
2
What is the tens digit of 59557?
5
What is the hundreds digit of 1911?
9
What is the tens digit of 2247?
4
What is the hundreds digit of 1767?
7
What is the thousands digit of 5111?
5
What is the ten thousands digit of 13899?
1
What is the un